
What is 5b15 (base 13) in base 9?
18571
What is 3625 (base 8) in base 4?
132111
Convert -1122120 (base 3) to base 8.
-2263
Convert -3407 (base 9) to base 15.
-b2d
1670 (base 9) to base 4
103332
10111001101111 (base 2) to base 12
6a67
What is 14976 (base 11) in base 9?
31885
1002000221 (base 3) to base 6
241554
What is bdb (base 14) in base 8?
4455
12c6 (base 14) to base 12
1aba
Convert -251 (base 12) to base 11.
-298
Convert -7377 (base 8) to base 14.
-1583
What is 1001100000000001 (base 2) in base 11?
27266
111244 (base 5) to base 11
2a70
Convert 870c (base 13) to base 5.
1100041
What is 9bc (base 14) in base 2?
11110001010
What is 1110110000 (base 2) in base 8?
1660
Convert -2121122 (base 3) to base 14.
-9a3
What is 433 (base 9) in base 11?
2a2
240 (base 7) to base 8
176
Convert -467 (base 8) to base 13.
-1ac
What is 1122 (base 5) in base 12?
116
Convert 43312 (base 5) to base 6.
21405
-10000211 (base 3) to base 11
-1729
What is 100012 (base 3) in base 9?
305
Convert 1122212 (base 3) to base 14.
627
Convert 65b (base 12) to base 7.
2504
Convert a741 (base 11) to base 6.
145430
What is 2221100 (base 3) in base 8?
4136
What is 10111010100 (base 2) in base 6?
10524
What is 251 (base 10) in base 12?
18b
What is -1100001010 (base 2) in base 4?
-30022
Convert 926 (base 15) to base 9.
2740
Convert -23ff (base 16) to base 7.
-35603
What is -1330333 (base 4) in base 9?
-11867
What is 1003330 (base 4) in base 7?
15451
-429 (base 10) to base 5
-3204
Convert 9505 (base 10) to base 4.
2110201
What is -1672 (base 13) in base 16?
-ce8
Convert 31026 (base 8) to base 13.
5ab4
What is -5c5 (base 16) in base 5?
-21402
-3030 (base 12) to base 13
-24b7
Convert -735 (base 11) to base 13.
-531
Convert 4244 (base 6) to base 8.
1704
Convert -445142 (base 6) to base 5.
-2144210
Convert 822 (base 10) to base 9.
1113
What is -5142 (base 6) in base 10?
-1142
Convert 110111110 (base 3) to base 16.
2397
What is 77939 (base 10) in base 5?
4443224
What is 234024 (base 7) in base 2?
1010010011011111
Convert 26303 (base 7) to base 2.
1101101100010
4919 (base 10) to base 7
20225
11011000 (base 2) to base 7
426
What is 33430 (base 5) in base 9?
3217
102 (base 10) to base 12
86
What is 70 (base 9) in base 10?
63
Convert -42 (base 7) to base 16.
-1e
What is -614 (base 7) in base 8?
-461
What is -34b (base 13) in base 11?
-479
What is -2249 (base 12) in base 10?
-3801
30301 (base 9) to base 13
90bb
2889 (base 10) to base 9
3860
23 (base 9) to base 6
33
What is -276 (base 13) in base 14?
-231
154 (base 15) to base 10
304
What is -819 (base 14) in base 4?
-120313
Convert 4b36 (base 14) to base 13.
5ccb
-4099 (base 10) to base 9
-5554
What is -41333 (base 5) in base 3?
-10201200
Convert 54032 (base 8) to base 14.
8310
Convert 1165 (base 7) to base 2.
110110111
Convert 685 (base 14) to base 10.
1293
What is -4553 (base 6) in base 10?
-1077
-202122 (base 3) to base 2
-1000101101
3178 (base 10) to base 14
1230
What is -b97 (base 13) in base 7?
-5532
-6220 (base 7) to base 4
-201322
Convert -36346 (base 7) to base 6.
-111414
What is -73060 (base 8) in base 6?
-352024
-25176 (base 10) to base 2
-110001001011000
What is -2163 (base 8) in base 13?
-698
Convert -10101111 (base 2) to base 4.
-2233
-34214 (base 7) to base 12
-5038
Convert -111000001 (base 2) to base 11.
-379
What is 967 (base 11) in base 12?
80a
What is 11331030 (base 4) in base 2?
101111101001100
What is -917a (base 11) in base 13?
-5716
-1174 (base 11) to base 7
-4320
Convert -26565 (base 8) to base 14.
-4353
What is -1000111000100 (base 2) in base 15?
-1533
What is -22211 (base 9) in base 12?
-8654
-115314 (base 7) to base 4
-11021121
2020 (base 5) to base 10
260
Convert 12855 (base 14) to base 3.
2022110221
What is 122334 (base 6) in base 15?
338a
What is -1dc6b (base 14) in base 9?
-125878
Convert -2265 (base 12) to base 3.
-12020112
-12330 (base 6) to base 15
-839
What is -60742 (base 9) in base 15?
-bc9b
3c0 (base 15) to base 13
50a
-1047 (base 8) to base 11
-461
2001210 (base 3) to base 7
4251
What is 1103001 (base 4) in base 10?
5313
What is 15353 (base 6) in base 3?
10110020
Convert -1247 (base 10) to base 16.
-4df
Convert 1220024 (base 6) to base 11.
44774
2234 (base 6) to base 13
316
What is 220002 (base 3) in base 7?
1616
Convert 21c (base 14) to base 13.
262
What is -1103221 (base 4) in base 5?
-132403
97 (base 10) to base 11
89
Convert -aa1a (base 16) to base 4.
-22220122
What is -272 (base 11) in base 14?
-18d
What is 35005 (base 6) in base 15?
1718
What is 32b0 (base 16) in base 12?
7614
Convert 253 (base 13) to base 9.
501
Convert 42333 (base 5) to base 13.
13a9
Convert -3103420 (base 5) to base 3.
-2120020211
What is -48a5 (base 11) in base 9?
-8708
What is -3c3b (base 15) in base 5?
-403011
-2ba (base 13) to base 5
-3431
36c (base 16) to base 2
1101101100
Convert -1166 (base 7) to base 2.
-110111000
What is -1867 (base 11) in base 15?
-a82
What is -b3d (base 16) in base 15?
-cbc
27 (base 9) to base 14
1b
773 (base 14) to base 5
21343
What is 340300 (base 5) in base 12?
6aba
What is -21301032 (base 4) in base 15?
-bcc9
What is 26426 (base 9) in base 10?
17844
Convert 1013220 (base 4) to base 11.
3498
-33413 (base 11) to base 15
-e529
What is -434 (base 8) in base 7?
-554
Convert 12122 (base 4) to base 11.
343
Convert -414 (base 5) to base 3.
-11001
-1111212 (base 3) to base 9
-1455
Convert -111111 (base 3) to base 11.
-301
Convert 34576 (base 9) to base 7.
124161
-120001 (base 3) to base 7
-1120
104 (base 5) to base 4
131
Convert -9766 (base 10) to base 5.
-303031
-2553 (base 7) to base 14
-4d3
What is -1221110 (base 3) in base 5?
-21131
Convert 3413 (base 5) to base 11.
3aa
What is -2047 (base 12) in base 9?
-4731
Convert 353 (base 13) to base 5.
4300
What is 60 (base 12) in base 5?
242
-6454 (base 10) to base 11
-4938
What is -213661 (base 7) in base 9?
-56244
-48 (base 9) to base 11
-40
What is 3433 (base 5) in base 6?
2141
Convert -13320 (base 7) to base 6.
-24343
7522 (base 9) to base 11
4176
What is -1762a (base 11) in base 5?
-1242331
What is -6b1 (base 14) in base 5?
-20311
Convert -4c3b (base 16) to base 9.
-28683
Convert 92a7 (base 11) to base 3.
121220222
What is -24316 (base 7) in base 14?
-2446
Convert 9536 (base 10) to base 5.
301121
What is 6ea (base 15) in base 3?
2011011
198 (base 15) to base 4
11300
Convert 102020 (base 3) to base 7.
612
What is 465 (base 9) in base 15?
1a8
Convert 1485 (base 12) to base 8.
4545
What is -2021021 (base 3) in base 15?
-754
-470 (base 11) to base 8
-1061
Convert -12001211 (base 3) to base 6.
-25034
What is -34 (base 15) in base 11?
-45
What is 6cf (base 16) in base 12?
1013
What is 834 (base 9) in base 12?
487
-4011 (base 5) to base 6
-2202
-a4 (base 16) to base 9
-202
What is -29 (base 10) in base 9?
-32
What is 51637 (base 9) in base 16?
8506
241b (base 14) to base 2
1100010011001
What is -8439 (base 13) in base 2?
-100011101111100
-4838 (base 9) to base 2
-111000001111
Convert -31a8a (base 11) to base 8.
-132742
What is -313033 (base 5) in base 4?
-2202121
1697 (base 10) to base 16
6a1
-101010111 (base 2) to base 10
-343
What is 1142 (base 6) in base 13?
185
What is a261 (base 14) in base 12?
141a5
27753 (base 10) to base 9
42056
Convert 1142 (base 5) to base 15.
b7
-1011011010010110 (base 2) to base 16
-b696
What is -11d4d (base 16) in base 5?
-4314122
Convert -21a0 (base 13) to base 2.
-1001001010101
What is 2bb6 (base 12) in base 7?
21045
-b9 (base 13) to base 16
-98
Convert 11024 (base 8) to base 16.
1214
-2a583 (base 11) to base 14
-11ac0
-1327 (base 12) to base 9
-3004
What is -21222 (base 3) in base 11?
-186
Convert 2263 (base 14) to base 4.
1131033
41044 (base 6) to base 12
3184
What is -15648 (base 9) in base 15?
-32ab
Convert -2742 (base 14) to base 13.
-31c2
Convert -101370 (base 8) to base 6.
-415120
What is -23113222 (base 4) in base 6?
-555334
-21 (base 9) to base 5
-34
Convert -123055 (base 7) to base 14.
-839c
-323032 (base 6) to base 14
-9992
-6d4 (base 15) to base 11
-1189
What is 1441 (base 5) in base 14?
138
What is 34043 (base 11) in base 4?
30002032
Convert -13d (base 14) to base 7.
-506
Convert 33124 (base 5) to base 2.
100011110001
Convert -607 (base 12) to base 16.
-367
What is 411442 (base 5) in base 3?
200100021
What is 3616